e greatest common divisor of m and t.
6
Let a(p) = p**3 + 11*p**2 - 16*p - 28. Let t be a(-12). Let q(z) = 2*z**3 - 7*z**2 + 3*z + 2. Let b be q(6). What is the highest common divisor of t and b?
20
Let y = 9 + -4. Let f be y*(5 - 1352/(-20)). What is the greatest common factor of 33 and f?
33
Suppose -7*k = -2*k - 10, 4*k = 4*v - 52. Suppose -2*j = v - 21. Calculate the highest common divisor of 12 and j.
3
Suppose -3*t - 32*t + 1120 = 0. Calculate the highest common divisor of t and 1.
1
Let i = -33 - -35. Suppose -q - 187 = -i*q. What is the greatest common divisor of 17 and q?
17
Suppose 11*n - 972 = -213. What is the greatest common factor of n and 3?
3
Let j(d) = -44*d + 268. Let f be j(5). Calculate the highest common factor of f and 272.
16
Suppose 0 = -v - 4 + 11. Let p(h) = -h**3 + 9*h**2 - 12*h - 6. Let k be p(v). What is the greatest common divisor of k and 20?
4
Let d = 783 - 587. What is the greatest common factor of 343 and d?
49
Let a be -8*(-16)/(1 + 3). Calculate the greatest common factor of 72 and a.
8
Let t = -40 + 6. Let z = t + 59. What is the highest common divisor of 10 and z?
5
Let l = 8 - 7. Let v be (20/12 - l) + 110/6. Suppose 176 = 3*i - 280. What is the highest common factor of i and v?
19
Suppose 20963 = 66*c - 3325. What is the greatest common factor of c and 32?
16
Let r = -10 - -15. Suppose -r*k + 640 = 80. Let l be (-3)/((-18)/16)*6. What is the highest common factor of l and k?
16
Suppose 2*k - 114 = 3*y, 0 = -k + 2*y + 60 - 4. Suppose -2*x = 4*h - 292, 2*x = 6*x - 8. What is the highest common factor of h and k?
12
Let z(v) = 3*v**3 - 29*v**2 + 6*v + 18. Let d be z(12). Calculate the greatest common factor of 27 and d.
9
Suppose -x - 54 = -w, -w + 219 = 3*w - 3*x. Let j(m) = -5*m**2 - m - 2. Let h be j(2). Let n = h + 62. Calculate the highest common factor of w and n.
19
Let q(x) = -2*x**2 - 34*x - 52. Let g be q(-15). Suppose 0*o + 632 = 2*o. Let u be 2/5 + o/10. What is the greatest common divisor of g and u?
8
Let h be 44/5 - 1/(-5). Suppose -3*z - 4*a + 47 = 0, 0 = -2*z + 5*a + h + 53. What is the highest common factor of 21 and z?
21
Suppose -6*k + 93 = -4*k + 3*g, 2*k + 4*g - 96 = 0. What is the greatest common factor of 42 and k?
42
Suppose 0 = 4*h - h. Let d be h/((-2)/(6/3)). Suppose d = 2*y - 206 + 8. What is the highest common factor of 11 and y?
11
Let w be (2 - -15) + 1*-2. Suppose -30*i + 1157 - 707 = 0. Calculate the greatest common divisor of w and i.
15
Let i be (60/(-1))/(70/12 + -6). Calculate the greatest common divisor of i and 40.
40
Suppose -2*d + 1 = -1. Suppose 7*g - 6*g = d. Let x(u) = 22*u**3 - u. Let j be x(g). What is the highest common factor of j and 3?
3
Let v(o) = 4*o**3 + o**2 + o - 1. Let g be v(1). Let z be ((-2)/(-4))/((-86)/(-9460)). What is the highest common divisor of z and g?
5
Let s = 4 + 12. Let g(n) = -n**3 + 15*n**2 + 17*n + 2. Let a be g(s). Calculate the greatest common divisor of 126 and a.
18
Let u be ((-3612)/196)/(1/(-7)). What is the greatest common divisor of u and 43?
43
Suppose -3*w + 6 = 3*x - 18, -4*x = -5*w - 41. Calculate the highest common divisor of 9 and x.
9
Suppose -41*m + 46*m - 655 = y, -3*m = -y - 395. Calculate the highest common factor of 26 and m.
26
Suppose 2*u = -3*u + 10. Let k be (-4)/(u - -6)*-34. Let g be 750/11 + (-4)/22. What is the highest common factor of k and g?
17
Let q be 44/(-12)*3/1. Let o = q + 17. Suppose 24*j = 33*j - 432. Calculate the highest common factor of j and o.
6
Let f(d) = 2*d**2 + 7*d + 15. Let y be f(-3). Let v(o) = 47*o + 1. Let l be v(1). What is the highest common divisor of y and l?
12
Let j(r) = 630*r**2 - 21*r - 21. Let y be j(-1). What is the highest common factor of y and 60?
30
Let i(f) = -f**2 - 6*f - 2. Let q be i(-5). Suppose 0 = 3*w - 3, -q*w + 29 = -3*t - 4*w. Let x = -3 - t. What is the highest common factor of 28 and x?
7
Suppose -3*b - 15 = 309. Let n = -63 - b. What is the greatest common factor of 15 and n?
15
Suppose -5*j + 6*d - d + 85 = 0, 4*d + 24 = 2*j. What is the highest common factor of j and 143?
11
Let d = 741 - 689. Calculate the greatest common divisor of d and 2678.
26
Suppose -g = -5*r + g + 20, -5*r + 20 = 4*g. Suppose r*j - 9*j = -10. Suppose -j*o + 180 = -0*o. Calculate the greatest common divisor of 18 and o.
18
Let q = 292 + -171. Let w = 173 - q. What is the highest common divisor of w and 39?
13
Let c = 28 - 17. Let w = -2 + c. Calculate the greatest common divisor of w and 6.
3
Suppose 28 = 5*x + 2*u - 39, -x + 2*u + 23 = 0. Calculate the greatest common divisor of x and 10.
5
Suppose 6*s + 2*s + 40 = 0. Let r be (s/2)/(6/(-12)). What is the highest common divisor of r and 55?
5
Suppose o = -y + 3, 5*y = 3*o - 2*o - 15. Suppose 3*p - 13 = o. Let v be (-3)/p + (-73)/(-2). Calculate the highest common factor of 90 and v.
18
Let j(o) = 10*o**3 - o**2 + 2. Suppose 10*g = 14*g - 4. Let c be j(g). Let t be 4/6 - 489/(-9). Calculate the greatest common factor of c and t.
11
Suppose u - 14 = -39. Let n = 45 + u. What is the highest common divisor of n and 15?
5
Let s be 3 - (15/3 - 82). Calculate the highest common factor of 100 and s.
20
Let h be 48/84 - (-5 - (-43065)/(-35)). What is the highest common divisor of h and 36?
12
Let h be (3 - (-123)/(-39)) + 15230/130. Calculate the greatest common divisor of h and 91.
13
Let m = -1 + 1. Let z be (m + -8)/((-2)/25). Suppose 5*p = -2*g + 50, 0 = -5*g - 3*p - 15 + 140. What is the greatest common divisor of g and z?
25
Let w = 78 + -73. Calculate the greatest common divisor of w and 85.
5
Suppose 0 = -26*z + 32*z - 72. Calculate the greatest common divisor of z and 124.
4
Let l(u) = 727*u + 18. Let p be l(2). What is the greatest common divisor of 46 and p?
46
Let l(z) = 3*z**3 - 14*z**2 - 5*z - 6. Let i be l(6). Calculate the highest common divisor of i and 135.
27
Let w(o) = -286*o**3 - 27*o - 28. Let u be w(-1). Calculate the highest common divisor of 35 and u.
5
Suppose -5*p = -w - 3*w - 692, -w - 683 = -5*p. What is the greatest common factor of p and 68?
68
Let t be (-5 + 6)*0 - 20. Let r be (-7 + 18)*t/(-2). Calculate the highest common factor of r and 22.
22
Let b = -19 - -21. Suppose 5*o + 4*q - 137 = 0, -q - b + 0 = 0. Calculate the highest common divisor of o and 87.
29
Let i(t) = -t. Let c be i(-4). Suppose 3*v + w = -2*v + 239, c*w + 4 = 0. What is the highest common divisor of v and 32?
16
Suppose b = -4*a + 3*b + 108, 3*b = 4*a - 108. Suppose -3*t + 87 = p, 425*t - 430*t - 359 = -3*p. Calculate the highest common factor of p and a.
27
Let v be (-11)/(-1) - (-78 + 23). What is the greatest common factor of v and 42?
6
Let f(a) = 8*a**3 + 2*a**2 + 4*a - 3. Let u be f(3). Suppose -3 = -3*p, -p + u = -0*z + 2*z. Calculate the highest common divisor of z and 11.
11
Let j(y) = y + 8. Let a be (-144)/27 - (-1)/3. Let z be j(a). Suppose -4*h - 3*x + 38 = -18, -z*x = 0. What is the highest common divisor of h and 7?
7
Suppose 10*z - 574 = -31*z. Suppose w + 0*w - 14 = 0. What is the greatest common divisor of z and w?
14
Suppose 2*o + a = 103, 1 = -4*a - 3. Let z = -79 - -105. What is the greatest common divisor of z and o?
26
Suppose -s - 7 = -5*w, 4*w - w + 5*s - 21 = 0. Let v be 118/w + 2 - 5. Calculate the greatest common divisor of 14 and v.
14
Let v(b) = 6*b + 14. Let x be v(6). Suppose 0 = 5*y - 10*y + l + x, -y + l + 10 = 0. What is the highest common divisor of y and 20?
10
Let x be ((-11)/(275/(-30)))/(2/140). What is the highest common divisor of x and 56?
28
Let k be ((-325)/15 - 3)*-36. What is the highest common factor of 24 and k?
24
Suppose 0 = 2*r + t - 5, -2*r - t + 6*t + 35 = 0. Suppose -r*y - 54 = 2*x - 1416, 4*y - 5*x = 1083. What is the greatest common divisor of y and 17?
17
Let p = -9 - -48. Let x(s) = 1086*s - 2159. Let m be x(2). Calculate the highest common factor of p and m.
13
Let k = 1308 + -1289. Calculate the greatest common divisor of k and 475.
19
Let p(f) = -36*f - 411. Let b be p(-13). What is the greatest common divisor of 1767 and b?
57
Suppose 6*y - 32 = 2*y. Let b be 1227/9 - ((-114)/(-18) + -6). Calculate the highest common factor of y and b.
8
Let c be (3/6)/(26/7280). Let f(n) = -27*n**3 + 2*n**2 - 1. Let r be f(-1). Calculate the highest common divisor of r and c.
28
Let 